90.
833
Calculate the greatest common factor of 55678357 and 5690.
569
What is the greatest common divisor of 27 and 58566699?
27
Calculate the greatest common factor of 175 and 827015.
35
Calculate the highest common divisor of 86420 and 13678796.
596
Calculate the highest common factor of 152904 and 336.
24
Calculate the highest common divisor of 121 and 20236.
1
What is the highest common factor of 4774241 and 130854?
193
Calculate the greatest common factor of 212077 and 210944.
103
What is the greatest common divisor of 488 and 25239848?
488
Calculate the greatest common divisor of 8 and 33667600.
8
What is the greatest common factor of 7080005 and 53?
53
What is the highest common factor of 121548285 and 5475?
1095
Calculate the highest common divisor of 522 and 11618328.
174
Calculate the highest common divisor of 4848 and 15321.
3
What is the highest common factor of 2532466 and 1742?
134
Calculate the greatest common factor of 176 and 4027276.
44
Calculate the highest common divisor of 8690 and 103924026.
158
Calculate the greatest common divisor of 14487292 and 992.
124
Calculate the greatest common factor of 2257 and 10834454.
61
Calculate the greatest common factor of 20231688 and 72.
24
What is the greatest common divisor of 1836 and 467671428?
1836
What is the greatest common factor of 126208 and 223329?
493
Calculate the greatest common divisor of 29478 and 34986.
102
What is the highest common factor of 1980985 and 11?
1
Calculate the highest common divisor of 1757 and 2725609.
251
What is the greatest common factor of 6047712 and 704?
352
Calculate the greatest common factor of 16918 and 470734.
22
Calculate the highest common divisor of 8748 and 260244.
36
What is the greatest common factor of 16821 and 11869396?
623
What is the highest common factor of 702 and 97362?
54
Calculate the greatest common divisor of 313 and 2685713402.
313
Calculate the highest common factor of 272028377 and 57.
19
What is the highest common factor of 9 and 5753908539?
9
Calculate the greatest common divisor of 476946 and 174.
6
Calculate the highest common factor of 473193 and 76125.
609
What is the greatest common factor of 54 and 173696022?
54
Calculate the greatest common divisor of 178 and 81578.
2
What is the greatest common factor of 188 and 42494674?
94
Calculate the highest common divisor of 126 and 1287894.
6
Calculate the greatest common factor of 257322468 and 18.
6
What is the highest common factor of 274 and 208407277?
137
Calculate the highest common divisor of 814612014 and 18.
18
What is the greatest common factor of 284821 and 542?
271
Calculate the highest common divisor of 170620 and 41040.
380
Calculate the greatest common factor of 54393809 and 744.
31
What is the greatest common divisor of 9245 and 26245?
5
Calculate the highest common divisor of 144 and 6272592.
48
Calculate the greatest common factor of 645 and 14352927.
129
What is the highest common factor of 20 and 54284980?
20
What is the highest common factor of 1710 and 21666555?
855
What is the highest common factor of 18432852 and 12?
12
What is the highest common factor of 1141692824 and 2888?
2888
Calculate the highest common factor of 5041 and 443963.
71
Calculate the highest common divisor of 45 and 394335595.
5
Calculate the greatest common factor of 190859 and 165727.
103
What is the highest common divisor of 191933688 and 48?
24
Calculate the highest common divisor of 14295342 and 42.
6
Calculate the greatest common divisor of 462 and 3500752794.
462
Calculate the greatest common factor of 490946316 and 18396.
6132
What is the greatest common divisor of 243625604 and 3592?
1796
What is the greatest common divisor of 8859228 and 714?
42
What is the greatest common factor of 738178233 and 39?
39
Calculate the greatest common factor of 170 and 38449665.
85
What is the highest common factor of 1989 and 33648849?
117
What is the greatest common factor of 18582 and 1105935603?
9291
Calculate the greatest common divisor of 699139 and 56.
7
Calculate the greatest common factor of 79038 and 5742.
18
Calculate the greatest common factor of 30 and 536162565.
15
What is the greatest common factor of 7596 and 1148262?
1266
What is the greatest common divisor of 8444 and 44117789?
2111
What is the greatest common factor of 2044308 and 7980?
84
What is the highest common divisor of 2329744 and 2813?
29
What is the highest common factor of 16748 and 46216?
212
Calculate the greatest common divisor of 223047 and 5394433.
8261
What is the greatest common divisor of 519920210 and 10?
10
What is the highest common divisor of 21285 and 26213?
11
What is the greatest common factor of 190273776 and 96?
48
What is the greatest common factor of 94315189 and 2593?
2593
What is the highest common divisor of 5 and 994205?
5
Calculate the highest common divisor of 961 and 129409221.
961
Calculate the greatest common factor of 17698398 and 6.
6
What is the greatest common factor of 10976 and 451136?
224
What is the highest common divisor of 27083 and 73339?
7
What is the highest common divisor of 38 and 2921174?
38
What is the highest common factor of 675212928 and 1312?
1312
Calculate the highest common factor of 1599 and 5750511.
39
What is the greatest common factor of 390 and 8747630?
10
What is the highest common factor of 547625 and 66625?
1625
Calculate the greatest common factor of 138 and 7900454.
46
Calculate the highest common divisor of 22161947 and 214.
107
Calculate the greatest common factor of 106846 and 31078.
82
Calculate the highest common factor of 34 and 161253143.
17
Calculate the highest common factor of 1356 and 879228366.
678
Calculate the highest common factor of 124356 and 235457.
241
Calculate the highest common divisor of 164793 and 168837.
1011
Calculate the greatest common divisor of 23780900 and 5720.
2860
What is the highest common divisor of 99216012 and 25620?
5124
What is the greatest common divisor of 22685 and 43095?
65
Calculate the highest common divisor of 1128 and 8227256.
376
Calculate the greatest common divisor of 16566 and 87.
3
Calculate the highest common factor of 24000 and 17845600.
800
Calculate the greatest common divisor of 1764 and 493128.
36
What is the highest common divisor of 17678810 and 238?
34
What is the greatest common divisor of 577693 and 112457?
107
Calculate the highest common divisor of 4689620 and 3536.
884
What is the greatest common divisor of 7862099 and 9835?
1967
What is the greatest common factor of 572 and 794?
2
What is the greatest common divisor of 6116621 and 301?
301
Calculate the greatest common divisor of 337 and 214607666.
337
Calculate the greatest common divisor of 8 and 4332632.
8
Calculate the highest common divisor of 319 and 1878008.
11
What is the greatest common divisor of 99 and 4174857?
9
Calculate the greatest common factor of 97289818 and 401.
401
Calculate the highest common factor of 370 and 387680.
10
Calculate the greatest common factor of 33014780 and 3070.
3070
What is the greatest common divisor of 720556 and 7372?
76
Calculate the greatest common factor of 49274 and 15052.
142
What is the greatest common factor of 2264 and 4794869?
283
Calculate the greatest common factor of 99 and 100013199.
33
What is the highest common factor of 4484 and 110389?
59
Calculate the highest common divisor of 1102 and 15892406.
58
What is the highest common factor of 8794785 and 120?
15
What is the highest common divisor of 3 and 37291701?
3
Calculate the greatest common factor of 7905 and 16242450.
465
What is the greatest common divisor of 4352408 and 72?
8
What is the greatest common divisor of 387034 and 1450?
58
Calculate the highest common factor of 466402706 and 154.
154
Calculate the greatest common factor of 20586489 and 462.
231
What is the greatest common divisor of 41704182 and 234?
234
Calculate the greatest common divisor of 13135 and 28115.
5
Calculate the highest common factor of 2593239 and 48.
3
Calculate the greatest common divisor of 1714127145 and 4985.
4985
Calculate the highest common factor of 3738 and 2948570.
178
What is the highest common factor of 12654 and 93043?
19
Calculate the highest common factor of 70802873 and 57.
19
Calculate the highest common divisor of 3427144